 - -11. Suppose 649 = x*j - 1461. Is j composite?
False
Let w = 69442 - 35644. Suppose 13010 = -4*k + w. Is k prime?
True
Let x = 18382 + -9606. Let w be x/40 + 4/(-10). Suppose 3*d - 2*d = w. Is d a prime number?
False
Let c(q) = 2*q**2 - 52*q + 57. Let o be c(25). Suppose 0 = 3*g - 2*u - 5923, -o*g + 7896 = -3*g - 2*u. Is g a prime number?
True
Suppose -r = q + 27, 2*r + 75 = -3*q + r. Let l(w) be the first derivative of w**3/3 + 17*w**2/2 - 9*w + 1023. Is l(q) a prime number?
False
Suppose -260 = 14*v - 4*v. Let j be (-156)/v + (-1 - 4). Is 2/(-8)*-4*1423/j composite?
False
Let v(h) = -14*h**3 - h**2 + 2*h + 2. Let f be v(-1). Suppose -f = t - 2*b, -9 = -2*t - 2*b - 23. Is t/(-12)*(1 - -3) - -826 a prime number?
True
Is (-584630)/(-8) + (29/(-116))/(1 - 2) composite?
False
Let u be ((3 - 4) + 0)/((-6)/114). Suppose 5*m + u*m - 16104 = 0. Is m prime?
False
Let f(h) = 12*h**3 - h**2 - 469*h + 129. Is f(28) composite?
True
Suppose 0 = -4*q + 12 - 0. Let i be 1*q - (-20 - 447). Suppose 10*w - 8*w = i. Is w a composite number?
True
Is 1990433/((33/7)/3 + 8/(-14)) a composite number?
False
Let v(h) be the first derivative of h**2 - 3*h - 11. Let i be v(9). Suppose -19*s + i*s = -1532. Is s composite?
False
Suppose -9*f + 6*f = -2*r - 4777, -3*r - 5*f = 7137. Let k = 4483 + r. Is k a composite number?
False
Let p(w) = 44*w**2 + 11*w + 5. Let g be p(-7). Suppose -3*f + 4*h + 591 = 0, 13*h - 9*h = -3*f + 591. Suppose -3*r = -4*m + g, -m - f + 718 = 5*r. Is m prime?
True
Suppose -146*c + 142*c = 16. Is 1*3042 - -3 - c a prime number?
True
Suppose 28 = -t + 25. Let b = 0 + t. Is (-2212)/b - (-13)/(-39) a composite number?
True
Suppose 76 = 3*n + 64, 4*l = -4*n + 28004. Is l a prime number?
True
Suppose 10*n = 898085 - 212635. Is n a composite number?
True
Suppose -4*f = -59*f + 2629685 - 372870. Is f a composite number?
True
Suppose -7*z - 13438095 = 4*z. Is 3/(-8) + z/(-184) a composite number?
True
Let s = -84630 - -158647. Is s a composite number?
False
Let c(a) = -a**2 - 3*a + 6. Let j be c(-4). Suppose 0*n - j*n - 3*l - 73 = 0, 0 = 2*n + l + 83. Let w = n - -463. Is w a composite number?
False
Let s(k) = -6*k**3 + 9*k**2 - 2*k - 30. Let p be s(8). Let v = p - -3668. Is v prime?
False
Let k(d) = -d. Let o(t) be the second derivative of 815*t**3/6 + 7*t**2/2 + 13*t. Let j(r) = -5*k(r) - o(r). Is j(-9) a composite number?
False
Suppose 13*u + 267 = 16*u. Suppose 0 = -r + 221 + u. Suppose -5*f = -945 - r. Is f a prime number?
True
Suppose -24*u = 35*u - 472. Suppose 11022 = -u*q + 59398. Is q prime?
True
Suppose 2*l - 4*l + 27272 = 0. Suppose 4*h = 7008 + l. Is h composite?
True
Let s(f) = -77*f**2 - 38*f - 2. Let o(r) = -39*r**2 - 19*r - 1. Let p be 35/3 + 48/(-72). Let d(m) = p*o(m) - 6*s(m). Is d(-9) prime?
True
Let p be (-7 + (-43)/(-4))/((-3)/(-8)). Is 1382/3*15/p composite?
False
Suppose -5*s + 10*k - 7*k = -94720, -5*k = -s + 18922. Is s composite?
False
Let m(t) = 49*t + 1. Let p be m(15). Suppose 0 = -11*s + 4137 + p. Is s a composite number?
False
Suppose -2*j = -2*y, 10 = 2*j + 2*j - 2*y. Suppose -j*u = -10*u + 900. Suppose -5*c = -3*o - u, 0 = c - 5*c + 4*o + 136. Is c a composite number?
True
Let o = 56 - 53. Suppose 0 = 5*q + 4*g + 16, -2*g = 3*q + 5 + o. Suppose -4*w + 5*w - 3*i - 5789 = q, 4*w = -3*i + 23216. Is w prime?
True
Suppose -4*y + 225 = -0*n + 3*n, 0 = 5*n + 5. Let w be (-439)/(-3) - (-3 - 10/(-3)). Let i = w - y. Is i prime?
True
Suppose -20 = 5*p, -t + 133808 - 39045 = -4*p. Is t composite?
False
Let r(z) = 28775*z**2 + 57*z + 39. Is r(-4) a composite number?
False
Is (0 + (-9)/6*-1)*(-200332014)/(-2313) a composite number?
False
Let s = -48742 + 71165. Is s a composite number?
True
Suppose 4 = -3*l + 16, -5*l = -m - 16. Let t(x) = 5860*x + 73. Is t(m) a prime number?
False
Let o be (-8479328)/981 - (44/18 - 2). Is (4 - (-49)/(-14))/((-2)/o) a prime number?
True
Suppose 158584 = 17*f - 103947. Is f a composite number?
False
Let k(u) = 1522*u - 16. Let a be k(-1). Is (a/(-10))/(42/(-15) + 3) a composite number?
False
Suppose -226*b + 8*b - 12618807 = -53364533. Is b a prime number?
False
Let j(f) be the third derivative of -19/12*f**4 + 14*f**2 - 23/6*f**3 + 0*f + 0. Is j(-13) a composite number?
True
Suppose -a + 680 = m, 1894 = 3*m + a - 156. Let l = -306 + m. Is l a prime number?
True
Let w(n) = -2*n**3 - n. Let k be w(-1). Suppose -1860 + 192 = 3*r. Is (r/k)/(-1) + (-1)/3 composite?
True
Let t(q) = 2*q**3 + q**2 + 2*q - 3. Let o be t(1). Suppose 0 = -o*b - 1 + 3. Suppose 7*x + b = 680. Is x a composite number?
False
Suppose 144 = -12*k + 18*k. Suppose k*a = 22*a + 3898. Is a a composite number?
False
Let t = 35 + -23. Let o be ((-8)/10)/((-6)/(-30)). Is ((-284)/(-16) + o)*t/3 prime?
False
Let x(s) = 21*s**2 - 131*s - 16. Let c be x(27). Suppose -50*o + c = -46*o. Is o a prime number?
True
Suppose -2*c = 4*m - 1 - 21, -2*c = -3*m + 13. Suppose -m*b + 10 = -4*b. Suppose 3*k + 4*j = 345, -3*j - 614 = -5*k - b. Is k a composite number?
True
Suppose -2*l = 2*t - 226550, 293*l - 113295 = -t + 297*l. Is t prime?
True
Let b(u) = 113*u**2 - 7*u + 19. Suppose 28 = -a + 5*a. Is b(a) prime?
True
Suppose -a = 4*q - 824095, 111*q - 113*q = 5*a - 412061. Is q a composite number?
True
Suppose 4*z + 68 = -l + 4*l, 3*l + z = 73. Suppose -5*j + 5 = h, 2*j - 2*h - l = 2*h. Suppose 2*m + j*g + 1389 = 5303, -m - 2*g = -1953. Is m a prime number?
False
Is (32/(-2))/(9 - (-11 + 18)) - -410155 prime?
False
Let c(d) = 3290*d**2 - 75*d + 10. Is c(3) composite?
True
Suppose -h = -3*c + 123, -4*h - 394 = 5*c + 30. Let o = 115 + h. Suppose 2*s + 3*d + 121 = 1544, o*s - 4*d - 2856 = 0. Is s a composite number?
True
Let u(v) = -v**3 + 27*v**2 + v - 27. Let o be u(27). Suppose 2*w + 6 = -2*d, 2*d + d - 2*w - 1 = o. Is ((-77995)/(-76))/(d/(-4)) a prime number?
False
Suppose 31 - 45 = -r. Let w(q) = 4*q**2 - 15*q + 15. Let c be w(r). Suppose 8 = -0*u + 2*u, 4*u = -h + c. Is h a composite number?
True
Let k = 856 - -16203. Is k prime?
False
Let g(u) = -2*u**3 + 16*u**2 + 3*u + 9. Let f be g(13). Let b = -975 - f. Is b composite?
True
Let v = -1060 - -19803. Is v prime?
True
Suppose -4*f + 4 = 4*n, 4*f - 3*f = 3*n - 7. Suppose -n = a, -6543 + 2014 = -3*q - 5*a. Is q a prime number?
False
Let j(c) = 3*c**3 - 35*c**2 + 20*c + 26. Let p be j(11). Suppose 43602 = 4*d + x + p*x, -2*x = 4. Is d a composite number?
False
Let p(v) = v**3 + 6*v**2 + 2*v - 12. Let t be p(-5). Suppose t*w + 2*w + 4*d = 25101, -3*d + 10046 = 2*w. Is w a composite number?
True
Let t(f) = -f**2 - 18*f - f**3 + 99 - 104 + 3*f**2 + 23*f**3. Is t(5) a composite number?
True
Suppose -6 + 16 = 2*p. Suppose -17 + 27 = p*q. Suppose -j - q*a = -1122, 5*a = 5*j - 0*j - 5640. Is j a prime number?
False
Let r(x) = x**3 - 8*x + 5. Suppose -20 = 6*j - 10*j. Let m be r(j). Is m + (5 - 4)/1 a prime number?
False
Let c be 1/(-3*(-5)/(-15480)). Let l = c + 520. Let q = l + 885. Is q a prime number?
True
Let c = -42 - -14. Is (-106211)/c + 1*3/(-12) composite?
False
Suppose 4*j = -180 + 192. Suppose 5*y = 2*y + 2*z + 19997, 13340 = 2*y + j*z. Is y a prime number?
False
Suppose 19*p = -28*p + 425679. Is p composite?
True
Let v = 526159 + -85058. Is v prime?
True
Let m(l) = l**2 - 10. Let x be m(-5). Suppose 7*b + x = 10*b. Suppose b*y + 0*y - 942 = -h, -4*y - 3648 = -4*h. Is h a composite number?
True
Suppose 0 = -2*h + q + 2, q + 4 = -4*h + 2. Let w(n) = -2*n**2 - n + n**2 + 0*n**2 + 3*n + 127. Is w(h) a composite number?
False
Let m be ((-16)/(1 - -3))/2. Let o(y) = -7*y**2 - 3 + 13*y**2 - 4*y - 5*y**2 - 50*y**3. Is o(m) composite?
False
Suppose 189*a - 41*a + 3700 = 0. Let z(u) = 27*u**2 + 14*u + 52. Let l(m) = 55*m**2 + 28*m + 105. Let x(s) = -6*l(s) + 13*z(s). Is x(a) prime?
True
Suppose 193785 = -554*l + 559*l. Is l prime?
False
Suppose 30 = p + 4*p + 3*r, 4 = -2*p + 2*r. Let q(s) = 13*s - 11 - 6*s**2 + 0*s**3 + s**3 - 3*s**2 + p*s**2. Is q(8) a prime number?
False
Let c(b) = -33*b**3 + 3*b**2 + 5*b + 3. Let o be c(-2). Let d = o + 528. Is d a prime number?
True
Let n be (-65)/(-7) - (-4)/(-14). Suppose 5*w + 3*j - 2086 = 0, -1664 = -4*w + n*j - 13*j. Is w prime?
True
Let l = 128 - 125. Suppose -42 = 4*h + l*h. Is h*1569/(-30) - (-7)/35 prime?
False
Let t = -687 - -23. Let j = t - -4529. Is j c